der when 2732 is divided by 149?
50
Calculate the remainder when 2007 is divided by 18.
9
Calculate the remainder when 779123 is divided by 271.
269
What is the remainder when 20838 is divided by 20800?
38
Calculate the remainder when 191249 is divided by 137.
134
What is the remainder when 47825 is divided by 416?
401
What is the remainder when 2062303 is divided by 62?
59
Calculate the remainder when 724085 is divided by 370.
365
Calculate the remainder when 49817 is divided by 138.
137
What is the remainder when 10877 is divided by 3606?
59
Calculate the remainder when 4671 is divided by 233.
11
Calculate the remainder when 49482 is divided by 15.
12
What is the remainder when 511534 is divided by 1017?
1000
Calculate the remainder when 22601 is divided by 263.
246
Calculate the remainder when 8196 is divided by 8175.
21
Calculate the remainder when 1506 is divided by 23.
11
What is the remainder when 5655 is divided by 242?
89
Calculate the remainder when 6366 is divided by 24.
6
What is the remainder when 153741 is divided by 317?
313
What is the remainder when 117817 is divided by 430?
427
Calculate the remainder when 39287 is divided by 9811.
43
What is the remainder when 8002 is divided by 104?
98
What is the remainder when 236979 is divided by 17?
16
Calculate the remainder when 36243 is divided by 42.
39
Calculate the remainder when 63445 is divided by 2882.
41
Calculate the remainder when 1870996 is divided by 1194.
1192
Calculate the remainder when 2633 is divided by 218.
17
What is the remainder when 21743 is divided by 7237?
32
Calculate the remainder when 60529 is divided by 818.
815
Calculate the remainder when 132734 is divided by 59.
43
What is the remainder when 1560155 is divided by 26?
25
What is the remainder when 21722 is divided by 55?
52
Calculate the remainder when 70216 is divided by 360.
16
Calculate the remainder when 11937 is divided by 835.
247
Calculate the remainder when 44953 is divided by 133.
132
Calculate the remainder when 3798 is divided by 272.
262
Calculate the remainder when 5890 is divided by 188.
62
Calculate the remainder when 14471 is divided by 1310.
61
Calculate the remainder when 771729 is divided by 468.
465
What is the remainder when 33389 is divided by 76?
25
What is the remainder when 26781 is divided by 32?
29
Calculate the remainder when 1335 is divided by 1328.
7
Calculate the remainder when 5769 is divided by 52.
49
Calculate the remainder when 168145 is divided by 357.
355
What is the remainder when 89343 is divided by 136?
127
Calculate the remainder when 24198 is divided by 1343.
24
Calculate the remainder when 5086 is divided by 124.
2
Calculate the remainder when 1689 is divided by 169.
168
Calculate the remainder when 75833 is divided by 74.
57
What is the remainder when 3917 is divided by 40?
37
Calculate the remainder when 11472 is divided by 652.
388
Calculate the remainder when 6402 is divided by 243.
84
What is the remainder when 18506 is divided by 254?
218
Calculate the remainder when 656511 is divided by 218834.
9
Calculate the remainder when 28158 is divided by 32.
30
Calculate the remainder when 548957 is divided by 26.
19
What is the remainder when 1655 is divided by 166?
161
Calculate the remainder when 5581 is divided by 140.
121
Calculate the remainder when 568 is divided by 185.
13
Calculate the remainder when 45007 is divided by 71.
64
Calculate the remainder when 31 is divided by 1.
0
What is the remainder when 658626 is divided by 658621?
5
Calculate the remainder when 2241 is divided by 2227.
14
What is the remainder when 35944 is divided by 1057?
6
Calculate the remainder when 31979 is divided by 52.
51
What is the remainder when 1058 is divided by 545?
513
Calculate the remainder when 1755858 is divided by 12.
6
Calculate the remainder when 492 is divided by 173.
146
What is the remainder when 4973 is divided by 289?
60
What is the remainder when 1507 is divided by 103?
65
Calculate the remainder when 718098 is divided by 443.
438
What is the remainder when 304867 is divided by 24?
19
Calculate the remainder when 4653 is divided by 499.
162
What is the remainder when 8350 is divided by 247?
199
What is the remainder when 101493 is divided by 97?
31
What is the remainder when 13223 is divided by 42?
35
What is the remainder when 2615277 is divided by 24?
21
Calculate the remainder when 375726 is divided by 8.
6
Calculate the remainder when 39489 is divided by 7897.
4
What is the remainder when 89432 is divided by 29807?
11
What is the remainder when 7250 is divided by 2341?
227
What is the remainder when 314876 is divided by 1640?
1636
What is the remainder when 45320 is divided by 1984?
1672
What is the remainder when 11983 is divided by 1756?
1447
What is the remainder when 9869 is divided by 105?
104
Calculate the remainder when 6194 is divided by 1030.
14
What is the remainder when 438239 is divided by 32?
31
What is the remainder when 727 is divided by 139?
32
What is the remainder when 2437 is divided by 72?
61
What is the remainder when 325 is divided by 311?
14
What is the remainder when 556 is divided by 273?
10
What is the remainder when 11905 is divided by 56?
33
Calculate the remainder when 7041 is divided by 383.
147
What is the remainder when 14244 is divided by 1780?
4
Calculate the remainder when 135668 is divided by 67789.
90
What is the remainder when 2960 is divided by 246?
8
Calculate the remainder when 8280 is divided by 13.
12
What is the remainder when 352182 is divided by 38?
36
Calculate the remainder when 294286 is divided by 4824.
22
Calculate the remainder when 39809 is divided by 22.
11
What is the remainder when 63340 is divided by 15828?
28
What is the remainder when 16245 is divided by 33?
9
Calculate the remainder when 106628 is divided by 11847.
5
Calculate the remainder when 3506 is divided by 1745.
16
Calculate the remainder when 42486 is divided by 117.
15
Calculate the remainder when 75638 is divided by 345.
83
What is the remainder when 116155 is divided by 38718?
1
Calculate the remainder when 59876 is divided by 399.
26
What is the remainder when 10113 is divided by 562?
559
Calculate the remainder when 134185 is divided by 35.
30
Calculate the remainder when 277358 is divided by 69.
47
What is the remainder when 28710 is divided by 14351?
8
Calculate the remainder when 55432 is divided by 3.
1
Calculate the remainder when 16932 is divided by 882.
174
Calculate the remainder when 11274 is divided by 537.
534
What is the remainder when 784 is divided by 451?
333
What is the remainder when 3210 is divided by 40?
10
What is the remainder when 13316995 is divided by 28?
27
What is the remainder when 112999 is divided by 74?
1
What is the remainder when 15871 is divided by 15856?
15
What is the remainder when 4626 is divided by 251?
108
Calculate the remainder when 9918 is divided by 451.
447
Calculate the remainder when 12074 is divided by 75.
74
Calculate the remainder when 10202 is divided by 146.
128
Calculate the remainder when 158147 is divided by 158133.
14
Calculate the remainder when 502497 is divided by 15.
12
What is the remainder when 253394 is divided by 175?
169
What is the remainder when 2257591 is divided by 198?
193
What is the remainder when 14097 is divided by 6568?
961
Calculate the remainder when 6622 is divided by 68.
26
Calculate the remainder when 9163 is divided by 141.
139
Calculate the remainder when 2558 is divided by 821.
95
What is the remainder when 86021 is divided by 610?
11
What is the remainder when 506847 is divided by 94?
93
What is the remainder when 82823 is divided by 82818?
5
Calculate the remainder when 23354 is divided by 727.
90
Calculate the remainder when 116365 is divided by 5541.
4
Calculate the remainder when 33137 is divided by 676.
13
Calculate the remainder when 4484 is divided by 95.
19
Calculate the remainder when 19921 is divided by 7.
6
Calculate the remainder when 20304 is divided by 4059.
9
Calculate the remainder when 521 is divided by 181.
159
Calculate the remainder when 152233 is divided by 15.
13
Calculate the remainder when 21037 is divided by 59.
33
What is the remainder when 9146 is divided by 365?
21
Calculate the remainder when 653226 is divided by 523.
5